by 5?
2
Calculate the remainder when 12504 is divided by 169.
167
Calculate the remainder when 1900 is divided by 77.
52
What is the remainder when 109 is divided by 14?
11
What is the remainder when 4038 is divided by 43?
39
What is the remainder when 492 is divided by 15?
12
Calculate the remainder when 16 is divided by 10.
6
Calculate the remainder when 522 is divided by 53.
45
What is the remainder when 589 is divided by 119?
113
What is the remainder when 2248 is divided by 191?
147
Calculate the remainder when 198 is divided by 61.
15
Calculate the remainder when 205 is divided by 96.
13
What is the remainder when 398 is divided by 58?
50
Calculate the remainder when 1421 is divided by 89.
86
What is the remainder when 1234 is divided by 238?
44
What is the remainder when 341 is divided by 16?
5
Calculate the remainder when 174 is divided by 82.
10
What is the remainder when 82 is divided by 14?
12
What is the remainder when 962 is divided by 138?
134
What is the remainder when 1318 is divided by 69?
7
What is the remainder when 1715 is divided by 86?
81
Calculate the remainder when 100 is divided by 18.
10
What is the remainder when 2302 is divided by 49?
48
Calculate the remainder when 38 is divided by 17.
4
Calculate the remainder when 8210 is divided by 51.
50
Calculate the remainder when 2851 is divided by 46.
45
What is the remainder when 342 is divided by 46?
20
Calculate the remainder when 323 is divided by 149.
25
What is the remainder when 79 is divided by 9?
7
Calculate the remainder when 165 is divided by 41.
1
Calculate the remainder when 1807 is divided by 27.
25
What is the remainder when 363 is divided by 61?
58
Calculate the remainder when 255 is divided by 105.
45
Calculate the remainder when 1522 is divided by 192.
178
Calculate the remainder when 10 is divided by 5.
0
What is the remainder when 592 is divided by 7?
4
Calculate the remainder when 254 is divided by 16.
14
What is the remainder when 122 is divided by 25?
22
Calculate the remainder when 201 is divided by 51.
48
Calculate the remainder when 619 is divided by 101.
13
What is the remainder when 119 is divided by 25?
19
What is the remainder when 237 is divided by 20?
17
What is the remainder when 247 is divided by 23?
17
What is the remainder when 328 is divided by 70?
48
Calculate the remainder when 248 is divided by 140.
108
Calculate the remainder when 9632 is divided by 292.
288
What is the remainder when 741 is divided by 31?
28
What is the remainder when 90 is divided by 30?
0
What is the remainder when 807 is divided by 54?
51
Calculate the remainder when 6604 is divided by 3298.
8
What is the remainder when 182 is divided by 61?
60
Calculate the remainder when 1005 is divided by 9.
6
What is the remainder when 64 is divided by 44?
20
What is the remainder when 220 is divided by 56?
52
What is the remainder when 189 is divided by 71?
47
What is the remainder when 239 is divided by 62?
53
Calculate the remainder when 148 is divided by 5.
3
What is the remainder when 17277 is divided by 45?
42
Calculate the remainder when 159 is divided by 15.
9
What is the remainder when 155 is divided by 13?
12
What is the remainder when 1008 is divided by 26?
20
What is the remainder when 71 is divided by 65?
6
What is the remainder when 179 is divided by 13?
10
Calculate the remainder when 3313 is divided by 236.
9
What is the remainder when 1383 is divided by 22?
19
What is the remainder when 104 is divided by 67?
37
Calculate the remainder when 10170 is divided by 16.
10
What is the remainder when 109 is divided by 29?
22
Calculate the remainder when 74 is divided by 11.
8
Calculate the remainder when 11129 is divided by 42.
41
What is the remainder when 38 is divided by 20?
18
What is the remainder when 411 is divided by 23?
20
Calculate the remainder when 22792 is divided by 393.
391
Calculate the remainder when 303 is divided by 92.
27
What is the remainder when 2066 is divided by 206?
6
Calculate the remainder when 1203 is divided by 400.
3
Calculate the remainder when 212 is divided by 72.
68
Calculate the remainder when 55 is divided by 29.
26
What is the remainder when 99 is divided by 3?
0
What is the remainder when 458 is divided by 144?
26
Calculate the remainder when 53 is divided by 37.
16
What is the remainder when 255 is divided by 26?
21
What is the remainder when 546 is divided by 115?
86
Calculate the remainder when 104 is divided by 23.
12
Calculate the remainder when 22779 is divided by 5.
4
What is the remainder when 733 is divided by 240?
13
What is the remainder when 251 is divided by 150?
101
Calculate the remainder when 409 is divided by 80.
9
Calculate the remainder when 637 is divided by 5.
2
Calculate the remainder when 305 is divided by 15.
5
Calculate the remainder when 877 is divided by 20.
17
Calculate the remainder when 1397 is divided by 100.
97
What is the remainder when 598 is divided by 298?
2
Calculate the remainder when 8981 is divided by 176.
5
What is the remainder when 1880 is divided by 9?
8
What is the remainder when 255 is divided by 64?
63
Calculate the remainder when 1101 is divided by 24.
21
Calculate the remainder when 410 is divided by 85.
70
What is the remainder when 239 is divided by 10?
9
What is the remainder when 163 is divided by 36?
19
Calculate the remainder when 1166 is divided by 16.
14
Calculate the remainder when 3076 is divided by 223.
177
Calculate the remainder when 284 is divided by 117.
50
What is the remainder when 816 is divided by 100?
16
What is the remainder when 736 is divided by 49?
1
What is the remainder when 363 is divided by 23?
18
Calculate the remainder when 902 is divided by 48.
38
Calculate the remainder when 4079 is divided by 370.
9
Calculate the remainder when 506 is divided by 40.
26
What is the remainder when 886 is divided by 286?
28
What is the remainder when 78 is divided by 46?
32
What is the remainder when 3320 is divided by 16?
8
What is the remainder when 2204 is divided by 123?
113
What is the remainder when 179 is divided by 29?
5
What is the remainder when 610 is divided by 39?
25
What is the remainder when 1076 is divided by 20?
16
What is the remainder when 59 is divided by 12?
11
What is the remainder when 68 is divided by 39?
29
Calculate the remainder when 230 is divided by 118.
112
What is the remainder when 738 is divided by 4?
2
What is the remainder when 65 is divided by 40?
25
Calculate the remainder when 285 is divided by 53.
20
Calculate the remainder when 975 is divided by 133.
44
Calculate the remainder when 174 is divided by 8.
6
What is the remainder when 609 is divided by 114?
39
Calculate the remainder when 87 is divided by 2.
1
What is the remainder when 455 is divided by 33?
26
What is the remainder when 85 is divided by 43?
42
What is the remainder when 207 is divided by 28?
11
Calculate the remainder when 2063 is divided by 11.
6
Calculate the remainder when 113 is divided by 17.
11
Calculate the remainder when 285 is divided by 72.
69
What is the remainder when 895 is divided by 16?
15
What is the remainder when 1580 is divided by 132?
128
Calculate the remainder when 299 is divided by 92.
23
Calculate the remainder when 143 is divided by 4.
3
Calculate the remainder when 115 is divided by 31.
22
Calculate the remainder when 1168 is divided by 74.
58
Calculate the remainder when 573 is divided by 96.
93
Calculate the remainder when 2769 is divided by 922.
3
Calculate the remainder when 309 is divided by 83.
60
What is the remainder when 270 is divided by 59?
34
What is the remainder when 449 is divided by 74?
5
Calculate the remainder when 1172 is divided by 118.
110
What is the remainder when 775 is divided by 13?
8
Calculate the remainder when 40313 is divided by 6.
5
Calculate the remainder when 519 is divided by 19.
6
Calculate the remainder when 1348 is divided by 50.
48
Calculate the remainder when 753 is divided by 36.
33
What is the remainder when 385 is divided by 26?
21
What is the remainder when 94 is divided by 36?
22
Calculate the remainder when 502 is divided by 73.
64
Calculate the remainder when 907 is divided by 35.
32
What is the remainder when 70 is divided by 8?
6
Calculate the remainder when 197 is divided by 84.
29
What